-38
Let u(p) = p**2 - 20*p - 13. Suppose 0 = 49*t - 1233 + 253. Let y be u(t). Let b(l) = l - 9. Give b(y).
-22
Let t(r) = -r + 3*r**2 - 3*r**2 - 3*r**2 + 2 + 4*r**2. Let p = 4431 - 4431. Calculate t(p).
2
Let w(l) = -33 + l**2 + 11 - 3*l - 2*l**2 + 10 + 14. Suppose d + 4 = 3*i, -2*d - 2*i - 8 = -i. Give w(d).
-2
Suppose -t = -4*p + 23, 3*p - 23 = -7*t + 2*t. Let i = p + -12. Let y(m) = -136 - 161 + 3*m - m**3 + 469 - 166 - 6*m**2. What is y(i)?
-12
Let b(w) = w**2 - 3*w - 2. Let h(s) = -3*s**2 - 14*s + 6*s + 5 + 6*s + 8*s. Let a(q) = -5*b(q) - 2*h(q). What is a(-5)?
10
Let n(d) be the first derivative of 90 + 5*d + 3*d**2 - 1/4*d**4 - 8/3*d**3. Determine n(-9).
32
Suppose 8*a + f - 14 = 7*a, -f = -5. Let w(q) = -3*q - 27. Let m(s) = 5*s + 40. Let o(y) = -5*m(y) - 8*w(y). Give o(a).
7
Let h(x) = -11 - 36 + 83*x**2 - 3*x**3 + 16*x - 68*x**2 + 45. Give h(6).
-14
Let a be 180/150 + 19/5. Let f(d) = 2*d - 11. Calculate f(a).
-1
Let x(i) be the first derivative of i**5/60 - i**4/24 - i**2 + 9*i - 61. Let s(y) be the second derivative of x(y). What is s(1)?
0
Let y(m) = m - 1. Let c = 0 + 1. Let w(a) = 3*a**2 - a - 1. Let k(l) = -5*l**2 - 4*l + 4. Let x(r) = k(r) + 2*w(r). Let t(o) = c*x(o) + 3*y(o). Determine t(3).
-1
Let f(l) = 19*l - 129. Let u be f(7). Suppose 2*z - 20 = -5*o, 5*o + z + 4*z - 5 = 0. Let i(x) = 3*x**3 + 4*x**2 + o*x - 10*x**2 - 2*x**3. Give i(u).
-8
Let d = -61 - -77. Suppose 9*x + d = 10*x + 5*v, -4*x - v + 7 = 0. Let j(h) = -6*h**3 - 1 + 0*h**2 + 0*h**2. Give j(x).
-7
Let q(z) = -2*z**3 + z**2 - 2*z - 2. Let p(i) = i**3 - i**2 + 2*i. Let k(d) = 3*p(d) + q(d). Suppose -6 = u - 3*u. Give k(u).
19
Let y(r) = 2*r**2 - 20*r - 18. Let u be (-112)/882*-81 - 2/7. Determine y(u).
-18
Suppose 9*v + 54 = -0*v. Let s be (-6)/(-4)*20/v. Let m(u) = u**3 + 7*u**2 + 6*u - 5. Determine m(s).
15
Let c(b) be the third derivative of b**5/60 - 7*b**4/12 + 3*b**3 + 2*b**2 - b - 14. What is c(12)?
-6
Let j(g) = -2*g**3 - 2*g**2 - 8. Let a(m) = 13*m**3 + 22*m**2 - 24*m + 52. Let q(z) = -a(z) - 6*j(z). Determine q(-12).
-4
Let f(m) = 14*m**2 + 7*m + 70. Let j(r) = -29*r**2 - 15*r - 140. Let d(p) = -9*f(p) - 4*j(p). Let q(c) be the first derivative of d(c). Calculate q(-2).
37
Let o(g) = -1. Let y(n) = -n**3 - 7*n**2 + 2*n + 15. Let d be y(-7). Let p(s) = -s**3 + 6*s**2 + 6*s + 4. Let i(b) = d*p(b) + 3*o(b). Give i(7).
-6
Suppose 4*n = 2*c - 80, -2*c - 5*n - 23 = -67. Let b = c - 32. Let x(y) = 0*y - y**2 + 2*y + 7*y**2 + b*y**2 + 7 + y**3. What is x(-6)?
-5
Let p = 37721 - 37718. Let i(f) = -3*f**3 + 9*f**2 - f + 6. Calculate i(p).
3
Let h = 14347 - 14350. Let z(t) = -8*t**2 - 25*t - 9. What is z(h)?
-6
Let l be (-45)/25 + (-3)/15. Let i be 3 + l + 1 + -3. Let k(v) = 10*v + 2*v**2 - 9*v + 6*v**3 + 6*v**3. Give k(i).
-11
Let s(i) = i + 2*i - 4 - 3*i**3 + i**2 + 2*i**3 + 2*i**2. Let t be s(3). Let q(j) be the first derivative of j**4/4 - 4*j**3/3 - j**2 - 3*j + 45. Give q(t).
12
Let x(p) = 101513*p**3 - 101514*p**3 - 11*p**2 - 1 - 1 - 17*p. What is x(-9)?
-11
Let z(h) be the second derivative of 1/20*h**5 + 2/3*h**4 - 3*h**2 - 3/2*h**3 - 3*h - 31. Let t(v) = -v**2 + 3*v + 1. Let d be t(5). Give z(d).
-6
Let r(v) = -2*v**2 - v + 1. Let h(i) = -14*i**2 - 5*i + 35. Let y(a) = h(a) - 6*r(a). Give y(4).
1
Let m = 28828 - 28807. Let k(h) = -h**2 + 25*h - 50. Calculate k(m).
34
Let q(h) = 27*h**2 + 1 + 6*h - 22*h**2 + 0 - 2*h + 2*h - h**3 + 0. Let t be (-1 + (0 - 12))/1. Let b = 19 + t. Give q(b).
1
Let o = -287 - -97. Let i = -113 - o. Let q = i + -82. Let u(d) = d**3 + 4*d**2 + d + 4. Give u(q).
-26
Suppose -4 = -5*y + 31. Suppose 3*n = 0, 10*w - y*w + 4*n - 9 = 0. Let c(b) be the third derivative of -5*b**4/24 - b**3/2 + 2*b**2. What is c(w)?
-18
Suppose 0 = 25*w + 69 + 6. Let n(f) = -f + 1. Let a(h) = 8*h - 4. Let v(y) = a(y) - 5*n(y). Let s(g) = -6*g + 4. Let m(q) = w*v(q) - 7*s(q). What is m(2)?
5
Let l = -53 - -50. Let c be (2 - (-2 - l) - 3)*2. Let i be c - ((-16)/(-3) - 4/12). Let u(m) = -m - 17. Determine u(i).
-8
Suppose -194*t - 141*t = -111*t + 9632. Let a(j) = -j**2 - 39*j + 176. Calculate a(t).
4
Let b(m) be the third derivative of m**5/60 + m**3 + 283*m**2. Suppose -w + 0*d = -4*d - 17, -7 = w + 4*d. Suppose w*g = g. Determine b(g).
6
Let t be 38 + (-16)/(-6 - -2). Suppose -7*i - t = -10*i. Let l(o) = 5*o - 3 - 11 + i. Determine l(-4).
-20
Let b(f) = 2*f**3 + f**2 + f - 3. Let j = -3659 - -3656. What is b(j)?
-51
Suppose -6 - 6 = 4*u. Let x(m) = 2*m**3 + 5*m**2 - 3*m + 3. Let o be x(-3). Let h(b) = -2 - 19*b + o - 2*b**2 + 22*b + 3*b**2. Give h(u).
1
Let d(o) be the second derivative of o**5/20 - 5*o**4/4 - o**3/6 + 9*o**2 + 425*o. What is d(15)?
3
Let d = 4 - -14. Suppose 0 = -3*q - 15 + d. Let h be (3/q)/(-3) + 3. Let j(l) = -l**2 - 2*l - 1. What is j(h)?
-9
Let k(o) = 4*o - 1. Let c(r) = r**3 - 24 + 4*r - 33*r**2 + 2*r + 23*r**2. Let w be c(10). Let t = w - 37. Calculate k(t).
-5
Let a = 40 + -15. Suppose 0*y - a = -5*y, 4*i = 5*y - 53. Let u(c) = c - 2. Let l(g) = -g + 2. Let m(d) = -4*l(d) - 5*u(d). What is m(i)?
9
Let j(d) = 7*d**2 - 23*d - 2. Let t be j(3). Let f(w) = 3 + 1 - 9*w**2 - 7*w - w**3 - 1. Determine f(t).
-5
Let m be (-16)/(-6) + 28/294*-7. Let k(c) = -6*c**m + 23 - 61*c + 60*c - 22. Give k(1).
-6
Let i(t) = -27*t**3 + 0*t - t**2 - 3 + 26*t**3 + 5*t. Let z(a) = a**3 - 8*a**2 + 6*a + 10. Let u be z(7). Calculate i(u).
-24
Let d(h) = -h**2 + 22*h + 56 - 59 - 46. What is d(21)?
-28
Let t(p) = -55*p**2 + 175*p**2 - 2 - 59*p**2 - 62*p**2. Suppose -98*h + 95*h = -9. Give t(h).
-11
Let j = 4257 + -4260. Let o(r) = -8 + 12 + 2 - r + 2*r. Determine o(j).
3
Let c(m) be the third derivative of 1/60*m**5 + 78*m**2 + 0*m + 0 - 1/8*m**4 - 2*m**3. Give c(6).
6
Let l = 38 + -35. Suppose -4*x + 7 = -l*x. Suppose -n = x - 1. Let a(q) = -q**3 - 6*q**2 + q + 2. What is a(n)?
-4
Suppose p - 26 = -4*b, 60 = 2*p + 3*b + 33. Let f(l) = -l**2 + 12*l - 3. Calculate f(p).
33
Let s(u) = -u**3 + 5*u**2 - 3*u + 2. Let n be s(4). Suppose -8*b + 30 = 14. Let h(j) = -b*j + 17*j**2 + 2*j - 16*j**2 - 5*j. Determine h(n).
6
Let p = -471 + 471. Suppose p = -728*k + 719*k + 72. Let i(t) = 3*t + 8. Give i(k).
32
Suppose 13*r - 10*r + 4*z = 281, 2*r = -4*z + 182. Let g(i) = 2*i**3 - i**2 - i**3 - 2*i - r + 9*i**2 + 89. Give g(-8).
6
Let i(l) be the first derivative of -l**3 - 7/2*l**2 + 1/4*l**4 + 66 + 5*l. Determine i(5).
20
Let i be ((90 + -101)/(-1 - -3))/((-1)/(-2)). Let p(v) = v**3 + 11*v**2 + 8*v - 13. Calculate p(i).
-101
Let t(j) = 23 + 5*j - 45 + 11 + 36. Give t(-10).
-25
Let b(j) = -8 + 0*j**2 + 13 + 2*j - 4 - 7*j - 2*j**2. Calculate b(-7).
-62
Let s be (-3 - (-289)/34)*1. Let g(t) be the first derivative of -6 - s*t**2 + 1/3*t**3 + 12*t. What is g(10)?
2
Let x(k) = k**2 + 7*k - 8. Let o be (-2)/12 - (2 - (-129)/(-18)). Suppose 0*z = o*z + 30. Let t be 1*(-2)/4 + 45/z. What is x(t)?
0
Let b(t) = -t**2 + 7*t - 3. Let c = 57 + -39. Suppose -c*o + 24*o = 48. Let p = 15 - o. Give b(p).
-3
Let w(y) = -y - 6. Let c(b) = -b**3 + 43*b**2 - 84*b - 2. Let d be c(41). Let l be ((-72)/d)/(1/(-7)). Calculate w(l).
0
Let f be (-1988)/42 + 47 + 3/((-9)/(-19)). Let r(o) = o**3 - 8*o**2 + 14*o - 16. Determine r(f).
-4
Let q(n) = -3*n**3 - 28*n**2 - 44*n + 32. Let s(y) = -5*y**3 - 42*y**2 - 67*y + 48. Let m(v) = 8*q(v) - 5*s(v). Give m(15).
-14
Let i(n) = -4*n**3 + 5*n - 1. Let k(d) = 15*d**3 + 2*d**2 - 17*d + 5. Let g(h) = 11*i(h) + 3*k(h). Let a = 6 + -12. What is g(a)?
-20
Let l(j) = -j**2 - 36*j + 5. Let z = -14970 - -14934. Determine l(z).
5
Let b(q) = -q**2 + 8*q - 9. Suppose 0 = -5*r - 3*v + 33, 40 - 35 = r + v. Calculate b(r).
-18
Let a(r) = -r**3 + r**2 + r - 17. Let f be 6/30*2 - 1202/5. Let j = f + 165. Let d = 75 + j. What is a(d)?
-17
Let w(h) be the third derivative of 3*h**4/8 + 1192*h**2. What is w(-1)?
-9
Suppose 3*q + t + 13 = -0*q, 0 = 5*t + 5. Let o be (-6)/8 - q/(-16). Let a(i) = -14*i**2 + 26*i - 42*i + 16*i. What is a(o)?
-14
Let h(d) = 33 - 9 - 18*d - 15 - 12 + 4*d. Suppose -187*m + 12 = -193*m. Give h(m).
25
Suppose -4*p + 5 = -7. Suppose 0 = p*a - 2*a - 3*q + 16, -4*q = -4*a - 40. Let s(o) be the first derivative of o**4/4 + 7*o**3/3 + o**2/2 + 7*o - 2. Give s(a).
0
Let y(n) = -n**3 - 7*n**2 - 10*n + 4. Let h be y(-4). Let g(r) = r - 2*r - 11*r